ist the prime factors of 1589572047.
3, 7, 337, 224611
List the prime factors of 103600249.
109, 950461
What are the prime factors of 133880356?
2, 29, 37, 31193
What are the prime factors of 46232409?
3, 29, 227, 2341
What are the prime factors of 214322563?
7, 13, 739, 3187
What are the prime factors of 917314290?
2, 3, 5, 23, 443147
What are the prime factors of 150085356?
2, 3, 349, 35837
List the prime factors of 179176498.
2, 17, 19, 277363
List the prime factors of 22638202.
2, 1973, 5737
List the prime factors of 4613241400.
2, 5, 37, 167, 3733
What are the prime factors of 413068438?
2, 4801, 43019
List the prime factors of 59245177.
37, 367, 4363
List the prime factors of 2366746767.
3, 7, 11, 3415219
List the prime factors of 92667738.
2, 3, 47, 347, 947
What are the prime factors of 792512177?
792512177
List the prime factors of 1307461061.
1307461061
What are the prime factors of 90304173?
3, 29, 115331
List the prime factors of 28554128.
2, 1784633
List the prime factors of 3360391986.
2, 3, 7, 1483, 53951
List the prime factors of 38127184.
2, 709, 3361
What are the prime factors of 14068657?
1361, 10337
What are the prime factors of 20258880?
2, 3, 5, 47, 449
List the prime factors of 39820728.
2, 3, 23, 72139
What are the prime factors of 337190191?
13, 41, 632627
List the prime factors of 133445693.
41, 3254773
What are the prime factors of 3290270866?
2, 643, 2558531
List the prime factors of 192413021.
17, 665789
List the prime factors of 20601522.
2, 3, 1144529
List the prime factors of 132185782.
2, 66092891
What are the prime factors of 1862406245?
5, 7, 29, 1834883
What are the prime factors of 2931129872?
2, 11, 73, 228139
List the prime factors of 127669842.
2, 3, 31, 228799
List the prime factors of 173208156.
2, 3, 11, 1312183
What are the prime factors of 99687860?
2, 5, 2027, 2459
What are the prime factors of 336344813?
7, 17, 29, 97463
What are the prime factors of 130154126?
2, 83, 784061
List the prime factors of 8272244232.
2, 3, 7, 1823687
What are the prime factors of 280371112?
2, 7, 229, 21863
What are the prime factors of 118279750?
2, 5, 19, 37, 673
What are the prime factors of 2660443267?
29, 91739423
What are the prime factors of 794875315?
5, 13, 173, 70687
List the prime factors of 41896227.
3, 947, 14747
List the prime factors of 3966898362.
2, 3, 7, 409, 230929
List the prime factors of 250625266.
2, 31, 4042343
List the prime factors of 2174781048.
2, 3, 11, 541, 15227
What are the prime factors of 7567462?
2, 7, 37, 2087
What are the prime factors of 752910394?
2, 1949, 193153
What are the prime factors of 61334574?
2, 3, 7, 29803
What are the prime factors of 60113357?
71, 846667
List the prime factors of 2674908762.
2, 3, 445818127
What are the prime factors of 966528650?
2, 5, 19330573
List the prime factors of 238819459.
1319, 181061
What are the prime factors of 1049125282?
2, 251, 877, 2383
List the prime factors of 2834689911.
3, 127, 2617, 2843
List the prime factors of 88068302.
2, 7, 29, 216917
List the prime factors of 523395805.
5, 2671, 39191
What are the prime factors of 1465918433?
7, 209416919
What are the prime factors of 37476990?
2, 3, 5, 29, 83, 173
List the prime factors of 123983050.
2, 5, 2479661
List the prime factors of 55967075.
5, 397, 5639
What are the prime factors of 1559931742?
2, 227, 1039, 3307
List the prime factors of 42373258.
2, 21186629
What are the prime factors of 337411998?
2, 3, 7, 11, 31, 7853
What are the prime factors of 44860623?
3, 14953541
List the prime factors of 366541787.
19, 167, 331, 349
List the prime factors of 728657872.
2, 37, 503, 2447
What are the prime factors of 87187715?
5, 313, 55711
List the prime factors of 78582172.
2, 673, 29191
List the prime factors of 97403277.
3, 37, 59, 107, 139
What are the prime factors of 773005660?
2, 5, 7, 853, 6473
What are the prime factors of 3410796283?
1151, 2963333
What are the prime factors of 419729154?
2, 3, 13, 53, 101531
List the prime factors of 585321365.
5, 23, 5089751
What are the prime factors of 173361007?
173361007
List the prime factors of 2103451170.
2, 3, 5, 1213, 57803
What are the prime factors of 2866098795?
3, 5, 7, 19, 883, 1627
List the prime factors of 950294672.
2, 71, 421, 1987
List the prime factors of 1987726667.
19, 104617193
What are the prime factors of 602377756?
2, 47, 3204137
What are the prime factors of 175307371?
83, 127, 16631
What are the prime factors of 289918470?
2, 3, 5, 43, 224743
List the prime factors of 3242672355.
3, 5, 13, 43, 386723
List the prime factors of 6125274.
2, 3, 67, 1693
What are the prime factors of 869447724?
2, 3, 29, 2498413
List the prime factors of 42109347.
3, 7, 2005207
What are the prime factors of 47562854?
2, 313, 75979
What are the prime factors of 103829420?
2, 5, 1567, 3313
List the prime factors of 14879695.
5, 67, 44417
List the prime factors of 784707039.
3, 87189671
What are the prime factors of 1296037713?
3, 347, 1244993
What are the prime factors of 2596782523?
8117, 319919
What are the prime factors of 427767447?
3, 17, 151, 55547
List the prime factors of 690126057.
3, 2039, 37607
List the prime factors of 184310916.
2, 3, 15359243
What are the prime factors of 36817263?
3, 7, 71, 8231
What are the prime factors of 172130899?
17, 19, 463, 1151
What are the prime factors of 17349943?
13, 107, 12473
What are the prime factors of 8097031130?
2, 5, 29, 27920797
What are the prime factors of 1235680781?
251, 4923031
What are the prime factors of 449250454?
2, 293, 766639
List the prime factors of 501201430.
2, 5, 50120143
What are the prime factors of 40554724?
2, 7, 17, 85199
List the prime factors of 8617259381.
59167, 145643
List the prime factors of 46865175.
3, 5, 7, 17, 59, 89
List the prime factors of 196276728.
2, 3, 547, 14951
List the prime factors of 382232284.
2, 7, 17, 857, 937
What are the prime factors of 92455726?
2, 11, 467, 8999
List the prime factors of 1963400392.
2, 245425049
What are the prime factors of 875504426?
2, 437752213
List the prime factors of 5543392253.
7, 19, 29, 1437229
List the prime factors of 468754789.
23, 20380643
What are the prime factors of 14283456?
2, 3, 11, 6763
What are the prime factors of 1237497838?
2, 4007, 154417
What are the prime factors of 3445494060?
2, 3, 5, 29, 1980169
List the prime factors of 28991465.
5, 1747, 3319
List the prime factors of 42617114.
2, 19, 23, 48761
List the prime factors of 61321588.
2, 19, 23, 35081
List the prime factors of 62409745.
5, 853, 14633
What are the prime factors of 23481454?
2, 17, 19, 163, 223
What are the prime factors of 1115121065?
5, 4691, 47543
List the prime factors of 152206778.
2, 23, 53, 149, 419
What are the prime factors of 925969477?
241, 3842197
List the prime factors of 29655182.
2, 14827591
List the prime factors of 93101419.
93101419
What are the prime factors of 672467635?
5, 7, 19213361
List the prime factors of 5690372331.
3, 7, 14207, 19073
List the prime factors of 34975270.
2, 5, 11, 317957
List the prime factors of 16699433.
16699433
List the prime factors of 684430466.
2, 41, 8346713
What are the prime factors of 34305752?
2, 13, 329863
What are the prime factors of 432349558?
2, 257, 841147
What are the prime factors of 177451028?
2, 73, 131, 4639
List the prime factors of 534816695.
5, 7, 29, 526913
List the prime factors of 2061726716.
2, 7, 23, 109, 1277
What are the prime factors of 39974122?
2, 29, 167, 4127
What are the prime factors of 1293812790?
2, 3, 5, 19, 23, 98689
List the prime factors of 409460162.
2, 449, 455969
List the prime factors of 1265402946.
2, 3, 251, 840241
List the prime factors of 999680509.
999680509
What are the prime factors of 140801725?
5, 61, 127, 727
What are the prime factors of 88110308?
2, 11, 13, 31, 4969
List the prime factors of 2796032706.
2, 3, 19777, 23563
What are the prime factors of 102586341?
3, 11, 13, 21739
What are the prime factors of 1849399458?
2, 3, 308233243
What are the prime factors of 1022629579?
1022629579
What are the prime factors of 7651003337?
23, 257, 1294367
List the prime factors of 48013386.
2, 3, 29, 275939
List the prime factors of 6430948117.
11, 131, 4462837
List the prime factors of 154158040.
2, 5, 17, 31, 71, 103
List the 